he hundreds digit of 249627215?
2
What is the tens digit of 216528041?
4
What is the hundred thousands digit of 5943965848?
9
What is the units digit of 344918701?
1
What is the hundred thousands digit of 86359084?
3
What is the tens digit of 76620986?
8
What is the hundred thousands digit of 20155264?
1
What is the hundred thousands digit of 26971028?
9
What is the hundred thousands digit of 321748009?
7
What is the thousands digit of 39680589?
0
What is the millions digit of 852115187?
2
What is the units digit of 9287379911?
1
What is the thousands digit of 79301467?
1
What is the thousands digit of 3949482057?
2
What is the ten millions digit of 55348578?
5
What is the ten millions digit of 214957870?
1
What is the tens digit of 93150483?
8
What is the ten thousands digit of 1858889843?
8
What is the ten millions digit of 1224182580?
2
What is the hundred thousands digit of 10977250?
9
What is the hundreds digit of 47310070?
0
What is the ten thousands digit of 166000944?
0
What is the ten millions digit of 156047497?
5
What is the ten millions digit of 2566346851?
6
What is the ten thousands digit of 27898457?
9
What is the units digit of 3084026860?
0
What is the tens digit of 13781501?
0
What is the units digit of 206667534?
4
What is the hundreds digit of 63154295?
2
What is the thousands digit of 29997728?
7
What is the millions digit of 6910746?
6
What is the tens digit of 2132818003?
0
What is the tens digit of 327132400?
0
What is the tens digit of 33559845?
4
What is the units digit of 123944768?
8
What is the hundred millions digit of 706101432?
7
What is the ten thousands digit of 406732583?
3
What is the billions digit of 2923227867?
2
What is the hundred thousands digit of 40416744?
4
What is the ten millions digit of 2667599951?
6
What is the thousands digit of 167733043?
3
What is the ten thousands digit of 110897662?
9
What is the units digit of 60150046?
6
What is the ten millions digit of 2029403714?
2
What is the hundred thousands digit of 1294529465?
5
What is the hundred millions digit of 206856638?
2
What is the billions digit of 4741399274?
4
What is the ten millions digit of 160686672?
6
What is the hundred thousands digit of 5010660436?
6
What is the millions digit of 454005663?
4
What is the thousands digit of 2251547639?
7
What is the ten millions digit of 73589310?
7
What is the thousands digit of 1264938214?
8
What is the ten thousands digit of 398972764?
7
What is the hundred millions digit of 2027600946?
0
What is the tens digit of 181826559?
5
What is the hundred thousands digit of 2468629431?
6
What is the units digit of 38310707?
7
What is the hundred millions digit of 1402893522?
4
What is the ten millions digit of 3771567934?
7
What is the ten millions digit of 391288836?
9
What is the hundreds digit of 1180718928?
9
What is the units digit of 70309868?
8
What is the units digit of 443090976?
6
What is the ten millions digit of 1211258153?
1
What is the millions digit of 304163863?
4
What is the thousands digit of 137407709?
7
What is the tens digit of 736798709?
0
What is the ten millions digit of 56931833?
5
What is the hundred millions digit of 4419150683?
4
What is the hundred millions digit of 2172343252?
1
What is the ten millions digit of 474667666?
7
What is the units digit of 26909223?
3
What is the hundreds digit of 365291167?
1
What is the units digit of 308725059?
9
What is the ten millions digit of 241845520?
4
What is the tens digit of 194322284?
8
What is the tens digit of 149512229?
2
What is the thousands digit of 80197558?
7
What is the thousands digit of 4362728?
2
What is the ten millions digit of 324763960?
2
What is the units digit of 67578813?
3
What is the units digit of 3093444569?
9
What is the hundred thousands digit of 2349608509?
6
What is the hundreds digit of 319230677?
6
What is the ten thousands digit of 65597637?
9
What is the hundred millions digit of 2767197600?
7
What is the thousands digit of 64498571?
8
What is the units digit of 19504487?
7
What is the ten thousands digit of 192431795?
3
What is the ten millions digit of 125692080?
2
What is the ten thousands digit of 3671270487?
7
What is the ten thousands digit of 117499819?
9
What is the hundred thousands digit of 973581116?
5
What is the hundreds digit of 145684959?
9
What is the tens digit of 31982306?
0
What is the ten thousands digit of 115042143?
4
What is the hundreds digit of 401705514?
5
What is the tens digit of 48480806?
0
What is the ten millions digit of 60685727?
6
What is the ten thousands digit of 52858850?
5
What is the thousands digit of 1045018474?
8
What is the ten thousands digit of 2080483462?
8
What is the ten millions digit of 214140199?
1
What is the ten millions digit of 62886662?
6
What is the thousands digit of 32995428?
5
What is the millions digit of 7643704?
7
What is the millions digit of 3849270721?
9
What is the thousands digit of 554567248?
7
What is the tens digit of 517474914?
1
What is the units digit of 79179530?
0
What is the millions digit of 168465802?
8
What is the thousands digit of 35861430?
1
What is the ten millions digit of 661156496?
6
What is the millions digit of 23685561?
3
What is the units digit of 67345109?
9
What is the ten millions digit of 36210269?
3
What is the hundred thousands digit of 4964901630?
9
What is the hundreds digit of 91331641?
6
What is the ten millions digit of 25395478?
2
What is the ten millions digit of 2563082048?
6
What is the tens digit of 4808453312?
1
What is the tens digit of 2042680310?
1
What is the tens digit of 80532988?
8
What is the hundred thousands digit of 210429925?
4
What is the millions digit of 2913835437?
3
What is the tens digit of 154368015?
1
What is the hundreds digit of 64225754?
7
What is the ten thousands digit of 1573021594?
2
What is the thousands digit of 145060964?
0
What is the hundreds digit of 2478269914?
9
What is the ten millions digit of 51012542?
5
What is the hundred thousands digit of 25960719?
9
What is the ten millions digit of 3576871169?
7
What is the hundred millions digit of 212160039?
2
What is the ten thousands digit of 2787857256?
5
What is the hundred thousands digit of 346198036?
1
What is the units digit of 78320007?
7
What is the units digit of 472789337?
7
What is the ten thousands digit of 78279050?
7
What is the thousands digit of 142727174?
7
What is the ten thousands digit of 47803443?
0
What is the thousands digit of 116100632?
0
What is the thousands digit of 1219161016?
1
What is the millions digit of 116415029?
6
What is the ten millions digit of 132044914?
3
What is the ten thousands digit of 32871264?
7
What is the units digit of 236308512?
2
What is the millions digit of 1259278507?
9
What is the ten thousands digit of 1794921541?
2
What is the thousands digit of 878103424?
3
What is the hundred millions digit of 2532007917?
5
What is the tens digit of 128230779?
7
What is the millions digit of 27479894?
7
What is the ten millions digit of 757006225?
5
What is the ten millions digit of 1351903363?
5
What is the ten thousands digit of 62777290?
7
What is the units digit of 87608148?
8
What is the ten thousands digit of 1049237560?
3
What is the hundreds digit of 209865?
8
What is the thousands digit of 68835350?
5
What is the tens digit of 277309678?
7
What is the ten thousands digit of 414289333?
8
What is the millions digit of 282801731?
2
What is the thousands digit of 190152005?
2
What is the tens digit of 597698800?
0
What is the ten millions digit of 204407640?
0
What is the millions digit of 7169998086?
9
What is the hundred millions digit of 790688398?
7
What is the billions digit of 3584471439?
3
What is the hundred thousands digit of 1896971059?
9
What is the units digit of 2063763698?
8
What is the hundreds digit of 78155269?
2
What is the hundred thousands digit of 27128747?
1
What is the ten millions digit of 2390431664?
9
What is the millions digit of 476608410?
6
What is the ten thousands digit of 390357594?
5
What is the thousands digit of 476078418?
8
What is the ten thousands digit of 810902597?
0
What is the thousands digit of 720987509?
7
What is the ten millions digit of 48962538?
4
What is the hundred thousands digit of 13810398?
8
What is the tho